 g(m) = -m**2 + 7*m - 4. Let w = 136 + -155. Let t be 2/(-6) + w/(-3). Calculate g(t).
2
Let t(n) be the second derivative of -5*n**2 - 2 - n**3 + 112*n + 1/12*n**4. What is t(7)?
-3
Let n = -495 - -499. Suppose n*p = 4*c + 28, 3*p + 77*c = 78*c + 15. Let o(k) = -k + 5. What is o(p)?
1
Let w(y) = 4*y - 119. Let r be w(31). Let d(i) = -4*i + 0*i + 6 + 2*i - r. Give d(7).
-13
Suppose -2*n - 2*n - 52 = 4*y, 0 = -2*y - n - 23. Let c(a) = -a**3 - 10*a**2 - 4*a - 42. Give c(y).
-2
Let b(s) be the second derivative of -1/6*s**3 + 0 + 3*s**2 + 1/12*s**4 + 1/20*s**5 - 8*s. Let f(r) = r**2 + 5*r + 4. Let d be f(-4). Give b(d).
6
Let w be (0/2)/2*21/(-63). Suppose 5*r - 10*r = w. Let n(v) = -v + 1. Give n(r).
1
Let i be 15/20*(-1 - 3). Let k(h) be the third derivative of -7*h**4/24 + h**3/2 - 26*h**2. Give k(i).
24
Let b = -12 - -18. Let w(i) = -b*i**2 - 7 + 1 - 24*i - i**3 + 25*i. What is w(-5)?
-36
Let w(g) = g + 14. Let o(u) = u - 3. Let i(s) = -3*s + 5. Let j(n) = 2*i(n) + 5*o(n). Let y(a) = -5*j(a) - 2*w(a). Give y(-3).
-12
Let u(b) = 3*b**3 + 2*b**2 + b + 2. Let r(m) = m**3 + 1. Let s(x) = -4*r(x) + u(x). Let v(k) = 2*k**3 - 3*k**2 - k + 2. Let f(d) = -3*s(d) - 2*v(d). Give f(1).
0
Let a(t) = 20*t + 9. Suppose 3*d + 113 - 109 = 2*j, 3 = 5*j - 4*d. What is a(j)?
-11
Let z(b) = b + 9. Let q be z(-7). Suppose 4*c = 3*v + 22, q - 6 = -c. Let g(y) = -6*y**2. Let u(m) = -m**2. Let d(j) = g(j) - 5*u(j). Calculate d(v).
-4
Let h(o) = -17*o - 22. Let k(p) = -14*p - 21. Let l(z) = -5*h(z) + 6*k(z). Calculate l(-11).
-27
Let v(i) = -i**3 + 14*i**2 + 2*i - 32. Let m be (-57772)/(-4141) - 4/(-82). What is v(m)?
-4
Let h be 3 + -1 + -3*2. Let p(n) be the first derivative of n**2 - 48 + 2*n + 1/3*n**3. What is p(h)?
10
Let h be 0/7 - (73 + -1). Let q = h + 70. Let p(f) = -f + 1. Let u(d) = -4*d + 8. Let b(i) = 5*p(i) - u(i). Determine b(q).
-1
Let d(j) = -j**3 - 4*j**2 + 4*j - 7. Let x = 103 - 103. Let r be (-38 + 39)*(x + -5). What is d(r)?
-2
Let q(n) = 5*n**2 + n - 1345 - 1351 + 2699 + n**3. Let r(v) = v**2 + 8*v - 3. Let w be r(-7). Let x be 54/w + 2/5. Give q(x).
-2
Suppose 5*j - 34 = -2*b + 46, b = 2*j + 58. Let z = 48 - b. Let h(t) = 2*t**2 + 2*t - 1. Give h(z).
3
Let w(o) = o**3 + 64*o**2 + 294*o - 57. Let b be w(-59). Let n(r) = 2*r**2 + 4*r - 6. Give n(b).
10
Suppose -2*i + 76*g - 80*g + 14 = 0, 2*i - 2*g - 50 = 0. Let u(k) = -7*k + 133. What is u(i)?
0
Let x(y) = -2*y**2 + 3*y - 9. Suppose 359*m - 150 = 389*m. Give x(m).
-74
Let q(v) be the first derivative of -v**3/3 + 7*v**2 + 83*v + 2125. Give q(18).
11
Suppose 2*q - 8*q = 7*q. Suppose 7*i - 2*i - o - 20 = q, 5*o - 20 = -5*i. Let n(h) = -6*h + 10. Give n(i).
-14
Let l(j) = -j**2 - 7*j - 2. Let y be l(-2). Let p(a) = 2*a**2 + a - 1. Let z(f) = -f**3 - 4*f**2 - 5*f - 3. Let o(n) = 6*p(n) + z(n). Calculate o(y).
-1
Let o = -8 - -11. Suppose -o*b = 14 + 1. Let w(y) = 1 + 2*y - 4 - 3 + 6 + 4. Determine w(b).
-6
Suppose -25*x - 39*x + 192 = -16*x. Suppose 0 = 4*m - m - 141. Suppose h = 5*j + m, -j - 62 = x*j + 4*h. Let d(y) = y + 5. What is d(j)?
-5
Let p(b) = -2*b**3 - 10 + 2 - 19*b**2 + 3*b**3 + 90*b**2 - 44*b**2 + 50*b. Calculate p(-25).
-8
Let o(b) = -b - 1. Let j(z) = -5*z + 1. Suppose -3*d = -3*q - 9, -4*d + 5*q = -0*q - 16. Let k(u) = d*j(u) + 4*o(u). Let f = 1 - 6. Determine k(f).
-10
Let b(s) = -2*s**2 + 3*s - 1. Let r(t) = -t**2 + 3*t - 1. Let i(z) = -2*b(z) + 3*r(z). Suppose -c - 6 = -3*c, 4*x = 3*c + 319. Let f = -85 + x. Determine i(f).
-1
Let b(a) be the first derivative of -a**4/12 - 2*a**3/3 + 5*a**2/2 - 57*a + 13. Let p(k) be the first derivative of b(k). Determine p(-6).
-7
Let t(c) = -5 - c - 6*c**2 - 3*c**3 + 2*c**3 + 0*c**3. Suppose -3*d - 134 = -4*z, d - 2*z + 46 = -0*z. Let k = 36 + d. Give t(k).
1
Let c(s) = 4 + 3 + 13 + 12 + 5*s. Let n(a) = -2*a - 11. Let i(p) = 4*c(p) + 11*n(p). What is i(-5)?
17
Let s(k) = 126*k**2 - 511*k + 23. Let p be s(4). Let c(y) = -6 - 8*y + y**3 - 5*y**2 + 10*y**2 + 2. Give c(p).
36
Let o be 228/1064 + 73/(-14). Let s(w) = -2*w**2 + 7*w + 5. Calculate s(o).
-80
Let p(f) = -3*f**3 + 2*f**2 + 2*f - 1. Let l be 32/160 - 48/(-10). Suppose 0 = -2*n - l + 9. Give p(n).
-13
Let y(p) = 14*p + p + 756 - 389 - 357 + p**2. Give y(-6).
-44
Let b(f) = -37*f**3 + 4*f**2 - 13. Let q(w) = 9*w**3 - w**2 + 3. Let n(h) = -2*b(h) - 9*q(h). Let k be 4 + 9 + -2 + (-7)/((-49)/(-84)). Calculate n(k).
7
Let j(c) = c + 3 - 7*c**2 - 4*c + 5*c**2. Let t(o) = -8*o**2 + 52*o - 48. Let q be t(1). What is j(q)?
-17
Let g(t) = 6*t - 5. Let v = 2327 - 2324. Calculate g(v).
13
Let j be 8/36 + (-150)/(-54). Let q(i) = -58 + 4*i**2 + 5*i**2 - i**j + 73 + 2*i**3 + 4*i - 2*i. Calculate q(-9).
-3
Let g = -1456 - -1446. Let k(r) = 5*r + 55. Determine k(g).
5
Let u(a) be the second derivative of 1/2*a**2 - 22*a + 4/3*a**3 + 0 + 1/12*a**4. Let y(x) = x - 2. Let t be y(-4). Determine u(t).
-11
Let v(a) = -3*a - 3. Let l = 5 + 20. Suppose -r = -t - 4*t + l, r - 11 = -t. Suppose s + 9 + t = -5*k, -3*k - 2*s = 16. Determine v(k).
3
Let c(o) = -47*o - 14 + 23535373*o**2 - 2*o**3 - 23535354*o**2 + o**3. Give c(16).
2
Let b(h) = h**3 + 8*h**2 + 7*h + 1. Let q = 177 + -197. Let j(a) = a**3 + 19*a**2 - 16*a + 73. Let i be j(q). Give b(i).
1
Let h(a) = a**2 - a - 5. Let m(g) = -4*g - g + 11 + 7*g - 7. Let p(q) = 2*h(q) + 3*m(q). Calculate p(-2).
2
Let a(z) = z**3 - 10*z**2 + 93*z - 612. Let d be a(8). Let s(o) = -2*o**3 + 5*o**2 + o + 5. Give s(d).
-39
Let r(l) be the second derivative of -1/12*l**4 - 1/2*l**2 - 1/6*l**3 + 0 - 20*l. Let u(p) = -16*p**2 - 3*p - 2. Let k(t) = 3*r(t) - u(t). What is k(1)?
12
Let d(r) = -r**2 - 2*r - 1. Let u(o) = 106*o**2 - 53*o - 14. Let w(j) = 6*d(j) + u(j). Let y(b) = -33*b**2 + 23*b + 7. Let t(g) = -6*w(g) - 17*y(g). Give t(1).
-39
Let j be 1/(2*(7/6)/(-7)). Let h(r) = -r**3 - r**2 + 6*r + 5. Let v be h(j). Let x(k) = 4*k - 7. What is x(v)?
13
Suppose -a + 28*o - 10 = 30*o, -a + 5*o - 31 = 0. Let k(w) = w**2 + 17*w + 22. Calculate k(a).
6
Let a(r) be the second derivative of r**5/20 - r**4/6 + 2*r**3 - 43*r**2/2 - 732*r + 3. Determine a(3).
2
Let p = -315 + 310. Let c(x) = -2*x + 1. Let k(j) = -3*j + 2. Let l(h) = 7*c(h) - 3*k(h). Give l(p).
26
Suppose 1212 = 28*y - 5228. Let m(n) = -y*n - 2*n**2 - n**3 + 2 - 231*n + 466*n. Calculate m(-4).
14
Let k(q) = 6*q + 3. Let b(l) = -5*l - 2. Let v(y) = 4*b(y) + 3*k(y). Suppose -56 + 41 = -5*r. Suppose -12 = r*j, -5*j = -5*z - 4*j - 6. Determine v(z).
5
Let t(c) = -6*c**2 - 22*c - 15. Let r be t(-2). Let u(y) = 26*y - 124. Determine u(r).
6
Let m(o) = 9*o + 5. Let q be 24/15*55/88*-4. Give m(q).
-31
Let z(o) = -21*o - 17. Let m(t) = -5*t - 4. Let v(h) = 9*m(h) - 2*z(h). Let y(d) = -6*d - 4. Let k(a) = 7*v(a) - 3*y(a). Determine k(-4).
10
Let a(j) = j**2 - 2*j - 6. Let w(b) = -28*b + 43. Let y be w(25). Let l = y + 653. Give a(l).
18
Let d(c) be the first derivative of -1/2*c**2 + 3*c - 1. Suppose n = -3*n - 3*n. Give d(n).
3
Let d(f) = -4*f**2 + 4*f - 2. Let n be d(2). Let o = 5 + n. Let r(b) be the second derivative of b**5/20 + 5*b**4/12 + b**3/3 - b**2/2 + 615*b. Determine r(o).
-11
Suppose 45 = 3*x + 30. Suppose 13*o = x*o + 16. Let n(m) = -3*m**2 + 2*m. Determine n(o).
-8
Let d(y) = -6047*y**2 - y**3 + 1 + 3009*y**2 - 3*y + 3029*y**2. Calculate d(-9).
28
Let c(d) = d**2 - 15*d + 85. Let z be c(8). Let f(n) = -49*n + 9 - z + 99*n - 51*n. What is f(0)?
-20
Let o = -36 + 50. Suppose 15*i - 4 = o*i. Let s(l) = -2*l + 3. Let a(h) = -4*h + 6. Let g(w) = -6*a(w) + 11*s(w). What is g(i)?
5
Let x(i) = i - 8. Let q(j) = j**3 - 10*j**2 + 2. Let v be q(10). Let a = 127 - 61. Suppose 2*o - 30 = -v*p, -p + 2*o - a = -6*p. What is x(p)?
4
Let v(c) = c**3 - 9*c**2 + 6*c + 9. Let r = -380 - -404. Suppose -r = -11*h + 8*h. Determine v(h).
-7
Let m(a) be the second derivative of a**4/12 - 3*a**3/2 - 30*a**2 + 1151*a. Give m(14).
10
Let d(h) = h**3 + 6*h**2 - h - 13. Let z be d(-6). Let o be (84/z)/(6/(-4)). Let c be 0*((-14)/o)/(-7)*2. Let i(v) = -v**2 + v + 1. Calculate i(c).
1
Let z(x) = 2*x**2 - x - 1. Let j(s) = -s**2 - 21*s - 61. Let y be j(-17). Let p be y/14 - 6/4. Give z(p).
2
Let z(a) be the first derivative of -a**4/4 - 5*a**3/3 + a**2/2 - 3*a + 4684. Let u(x) = -x**2 - x - 2. Let q be u(-2). Give z(q).
-23
Let k(w) = -13*w**3 - 